751 a composite number?
False
Is 623617 composite?
False
Is 11287855 prime?
False
Is 14167229 a composite number?
False
Is 168305957 a composite number?
False
Is 117471923 a prime number?
True
Is 471353 a prime number?
True
Is 2471047 a composite number?
False
Is 4442366 composite?
True
Is 32224601 composite?
True
Is 1002279 composite?
True
Is 1429053611 a prime number?
True
Is 388671301 composite?
True
Is 916511 prime?
True
Is 24236923 prime?
True
Is 3624191 prime?
True
Is 3977761 a prime number?
True
Is 9389513 a prime number?
False
Is 66511597 a prime number?
True
Is 18148483 a prime number?
True
Is 2845949 a prime number?
True
Is 18992219 prime?
True
Is 12072241 a prime number?
True
Is 321007 a prime number?
True
Is 36325505 composite?
True
Is 61092461 composite?
True
Is 15672961 a prime number?
True
Is 100044839 a composite number?
True
Is 4665938 a composite number?
True
Is 132441539 composite?
False
Is 1858085 prime?
False
Is 206797943 a composite number?
True
Is 670587 a prime number?
False
Is 6650242 a composite number?
True
Is 8652691 a composite number?
True
Is 88159889 composite?
True
Is 552103 composite?
False
Is 72960257 a prime number?
True
Is 17171227 prime?
True
Is 1271743 a composite number?
True
Is 40428481 composite?
True
Is 43795313 a composite number?
False
Is 807649 prime?
False
Is 64623211 prime?
False
Is 558931 prime?
True
Is 22239149 a composite number?
False
Is 1657153 a prime number?
True
Is 154098887 composite?
False
Is 77893051 composite?
False
Is 12017263 a prime number?
True
Is 9354937 a prime number?
True
Is 476408419 a prime number?
False
Is 1813316971 prime?
True
Is 1028063 prime?
True
Is 14891329 composite?
False
Is 340777 prime?
True
Is 5418341 composite?
False
Is 128725913 a composite number?
False
Is 4796149 composite?
False
Is 984316903 composite?
False
Is 84225133 composite?
False
Is 658481 a composite number?
True
Is 40836079 composite?
True
Is 102430259 composite?
True
Is 385163 prime?
False
Is 3919667 a prime number?
True
Is 14741267 prime?
True
Is 5943991 prime?
False
Is 3219067 composite?
False
Is 18792329 prime?
True
Is 49462867 prime?
True
Is 5046389 prime?
False
Is 55155101 prime?
True
Is 22960643 a composite number?
True
Is 76549007 a composite number?
False
Is 1102414661 composite?
False
Is 97040419 a composite number?
True
Is 25417 a prime number?
False
Is 206576119 composite?
False
Is 12863909 a prime number?
False
Is 70592209 a prime number?
True
Is 22834039 a composite number?
False
Is 7508038 a prime number?
False
Is 2915947 a prime number?
False
Is 29151127 composite?
True
Is 3626921 a composite number?
True
Is 1510991 a prime number?
True
Is 30335677 a composite number?
True
Is 35535407 a composite number?
False
Is 22563193 prime?
False
Is 4555882 composite?
True
Is 14289089 a prime number?
True
Is 111464839 a prime number?
True
Is 6634949 a prime number?
True
Is 47215933 composite?
True
Is 254423473 a prime number?
True
Is 51030869 a prime number?
False
Is 38305199 a prime number?
False
Is 5604359 composite?
False
Is 33685241 a prime number?
True
Is 825211019 a prime number?
True
Is 75658447 prime?
True
Is 4363355 composite?
True
Is 13509449 prime?
False
Is 22881097 prime?
True
Is 24495397 a prime number?
True
Is 21485533 a prime number?
False
Is 704709839 a composite number?
False
Is 615363923 prime?
False
Is 648066263 a composite number?
True
Is 49561741 composite?
True
Is 84527797 a prime number?
False
Is 2118169 composite?
False
Is 59494579 a composite number?
True
Is 13791166 a prime number?
False
Is 4403717 a prime number?
False
Is 4724429 prime?
True
Is 54606577 a prime number?
False
Is 36517199 a prime number?
False
Is 55228601 prime?
True
Is 6140557 composite?
True
Is 1303777 a prime number?
False
Is 76658917 composite?
True
Is 10089943 a composite number?
True
Is 4101949 prime?
True
Is 1452079511 a prime number?
True
Is 63630629 a composite number?
True
Is 12719117 a composite number?
True
Is 186776743 a composite number?
True
Is 475115791 a composite number?
True
Is 32431687 a composite number?
True
Is 506359 a prime number?
False
Is 12377803 prime?
False
Is 32878001 a composite number?
True
Is 57980753 a prime number?
True
Is 3409093 composite?
False
Is 840220687 composite?
True
Is 26497453 a composite number?
False
Is 82724251 a composite number?
True
Is 20830711 a prime number?
False
Is 62607911 a composite number?
False
Is 434677 prime?
False
Is 61965031 prime?
True
Is 734537 a composite number?
False
Is 43141066 a prime number?
False
Is 1885781 a prime number?
False
Is 46911563 a prime number?
False
Is 125377 prime?
False
Is 973339 prime?
False
Is 459683941 a composite number?
False
Is 64022713 a prime number?
False
Is 18052421 composite?
False
Is 191019203 prime?
True
Is 70769017 prime?
False
Is 57555341 a prime number?
True
Is 3325909 a prime number?
False
Is 27940097 a composite number?
False
Is 231927031 a composite number?
True
Is 1114193 a composite number?
False
Is 162474713 composite?
True
Is 56387209 prime?
True
Is 44402321 prime?
True
Is 496296835 composite?
True
Is 154239341 prime?
False
Is 287849 prime?
True
Is 78157877 a composite number?
True
Is 62888341 composite?
False
Is 5075887 a prime number?
False
Is 554159 composite?
True
Is 10123301 composite?
False
Is 12939919 a composite number?
False
Is 341369053 prime?
False
Is 3504974387 a prime number?
True
Is 12859971 prime?
False
Is 268152691 prime?
False
Is 181534889 a composite number?
True
Is 4937671 a prime number?
False
Is 14913343 composite?
False
Is 1701143 a composite number?
True
Is 283914683 a prime number?
False
Is 3105677 prime?
False
Is 45815027 a prime number?
True
Is 30977831 a prime number?
True
Is 54422 a composite number?
True
Is 1704193 composite?
True
Is 50774091 composite?
True
Is 1543631 composite?
False
Is 4887977 prime?
True
Is 7735043 composite?
False
Is 3989489 prime?
False
Is 20781931 prime?
True
Is 27509 composite?
False
Is 1452779 a prime number?
True
Is 3265331 a prime number?
True
Is 475543 a composite number?
True
Is 11452823 a composite number?
True
Is 6735422 a composite number?
True
Is 13348547 a composite number?
False
Is 223318371 composite?
True
Is 27645581 a prime number?
False
Is 2615299 a composite number?
False
Is 96890741 a composite number?
False
Is 5825711 a composite number?
False
Is 27299 a prime number?
True
Is 580877 prime?
False
Is 666811 a composite number?
False
Is 172399 composite?
False
Is 8501293 composite?
False
Is 159751523 prime?
False
Is 50085181 prime?
False
Is 844693 composite?
True
Is 9852001 composite?
True
Is 2895743 a composite number?
False
Is 2116319 a prime number?
False
Is 23623253 prime?
False
Is 74854139 a composite number?
True
Is 53135791 a composite number?
False
Is 3039247 a composite number?
True
Is 15918703 a composite number?
False
Is 2192254 prime?
False
Is 727477607 a composite number?
True
Is 116027 a composite number?
False
Is 1436333 prime?
True
Is 448811277 a composite number?
True
Is 13058987 a composite number?
False
Is 1535909 a prime number?
True
Is 8908421 a prime number?
True
Is 668433803 composite?
True
Is 23709109 a prime number?
True
Is 2238553 a composite number?
True
Is 19326953 prime?
True
Is 28461129 composite?
True
Is 1674548061 a prime number?
False
Is 305248829 prime?
True
Is 8575609 a prime number?
False
Is 489157 composite?
False
Is 59855651 composite?
True
Is 240819119 composite?
False
Is 2984921 prime?
True
Is 750733 a prime number?
False
Is 49099507 a composite number?
True
Is 9055933 composite?
True
Is 3923159 a composite number?
False
Is 3429119 composite?
True
Is 29196313 composite?
False
Is 30804023 composite?
True
Is 359587 a composite number?
False
Is 6374651 composite?
False
Is 7663879 prime?
False
Is 1595641 a composite number?
True
Is 768390473 a prime number?
True
Is 4376663 a composite number?
False
Is 3971377 a composite number?
False
Is 46318 a prime number?
False
Is 6860297 composite?
False
Is 26543491 prime?
False
Is 918657061 prime?
False
Is 2271805 a composite number?
True
Is 339026759 a composite number?
False
Is 361079 composite?
True
Is 42475597 prime?
True
Is 3461342 a composite number?
True
Is 8768883 a composite number?
True
Is 14188553 a composite number?
False
Is 255269543 a